ime factors of 5539?
29, 191
What are the prime factors of 680?
2, 5, 17
List the prime factors of 1049.
1049
What are the prime factors of 956?
2, 239
What are the prime factors of 1681?
41
What are the prime factors of 768?
2, 3
What are the prime factors of 295?
5, 59
List the prime factors of 170.
2, 5, 17
List the prime factors of 675.
3, 5
List the prime factors of 5785.
5, 13, 89
List the prime factors of 1086.
2, 3, 181
List the prime factors of 77821.
59, 1319
List the prime factors of 81727.
81727
What are the prime factors of 7302?
2, 3, 1217
List the prime factors of 1229.
1229
List the prime factors of 874.
2, 19, 23
What are the prime factors of 2521?
2521
List the prime factors of 2915.
5, 11, 53
What are the prime factors of 23530?
2, 5, 13, 181
List the prime factors of 7538.
2, 3769
List the prime factors of 4372.
2, 1093
What are the prime factors of 45430?
2, 5, 7, 11, 59
What are the prime factors of 147485?
5, 13, 2269
What are the prime factors of 12475?
5, 499
What are the prime factors of 10364?
2, 2591
What are the prime factors of 5547?
3, 43
List the prime factors of 385.
5, 7, 11
List the prime factors of 53951.
53951
What are the prime factors of 34179?
3, 11393
What are the prime factors of 16976?
2, 1061
List the prime factors of 343.
7
List the prime factors of 169140.
2, 3, 5, 2819
List the prime factors of 25517.
17, 19, 79
List the prime factors of 4036.
2, 1009
List the prime factors of 6450.
2, 3, 5, 43
What are the prime factors of 5600?
2, 5, 7
List the prime factors of 104201.
79, 1319
List the prime factors of 5800.
2, 5, 29
What are the prime factors of 29500?
2, 5, 59
What are the prime factors of 1623?
3, 541
List the prime factors of 360.
2, 3, 5
List the prime factors of 123158.
2, 7, 19, 463
What are the prime factors of 1053?
3, 13
List the prime factors of 1294.
2, 647
What are the prime factors of 42293?
42293
What are the prime factors of 26348?
2, 7, 941
What are the prime factors of 87322?
2, 43661
What are the prime factors of 4794?
2, 3, 17, 47
What are the prime factors of 5992?
2, 7, 107
List the prime factors of 1195.
5, 239
List the prime factors of 26304.
2, 3, 137
What are the prime factors of 72234?
2, 3, 4013
What are the prime factors of 76569?
3, 25523
List the prime factors of 508.
2, 127
List the prime factors of 79029.
3, 2927
What are the prime factors of 5586?
2, 3, 7, 19
List the prime factors of 12093.
3, 29, 139
What are the prime factors of 680?
2, 5, 17
List the prime factors of 39272.
2, 4909
What are the prime factors of 40159?
7, 5737
List the prime factors of 280.
2, 5, 7
What are the prime factors of 2006?
2, 17, 59
List the prime factors of 73316.
2, 18329
List the prime factors of 27234.
2, 3, 17, 89
What are the prime factors of 51073?
11, 4643
What are the prime factors of 2579?
2579
List the prime factors of 708.
2, 3, 59
List the prime factors of 939.
3, 313
List the prime factors of 3849.
3, 1283
List the prime factors of 697.
17, 41
What are the prime factors of 3046?
2, 1523
List the prime factors of 3430.
2, 5, 7
What are the prime factors of 14896?
2, 7, 19
List the prime factors of 764.
2, 191
What are the prime factors of 18345?
3, 5, 1223
List the prime factors of 798.
2, 3, 7, 19
What are the prime factors of 5935?
5, 1187
What are the prime factors of 6288?
2, 3, 131
What are the prime factors of 31358?
2, 15679
What are the prime factors of 521?
521
What are the prime factors of 419?
419
List the prime factors of 3003.
3, 7, 11, 13
What are the prime factors of 613?
613
List the prime factors of 94320.
2, 3, 5, 131
List the prime factors of 73498.
2, 36749
What are the prime factors of 456?
2, 3, 19
What are the prime factors of 929?
929
What are the prime factors of 6673?
6673
List the prime factors of 2192.
2, 137
What are the prime factors of 468?
2, 3, 13
What are the prime factors of 8960?
2, 5, 7
List the prime factors of 20589.
3, 6863
What are the prime factors of 3021?
3, 19, 53
List the prime factors of 10051.
19, 23
List the prime factors of 3472.
2, 7, 31
List the prime factors of 4086.
2, 3, 227
List the prime factors of 17548.
2, 41, 107
What are the prime factors of 1458?
2, 3
What are the prime factors of 59236?
2, 59, 251
List the prime factors of 11863.
11863
List the prime factors of 12021.
3, 4007
What are the prime factors of 8810?
2, 5, 881
What are the prime factors of 12335?
5, 2467
What are the prime factors of 8066?
2, 37, 109
List the prime factors of 17311.
7, 2473
What are the prime factors of 28229?
28229
What are the prime factors of 610?
2, 5, 61
What are the prime factors of 32490?
2, 3, 5, 19
What are the prime factors of 68?
2, 17
List the prime factors of 3328.
2, 13
List the prime factors of 3366.
2, 3, 11, 17
List the prime factors of 23100.
2, 3, 5, 7, 11
What are the prime factors of 10791?
3, 11, 109
What are the prime factors of 96307?
193, 499
What are the prime factors of 12173?
7, 37, 47
List the prime factors of 21621.
3, 7207
List the prime factors of 35.
5, 7
What are the prime factors of 5557?
5557
What are the prime factors of 4888?
2, 13, 47
List the prime factors of 43848.
2, 3, 7, 29
What are the prime factors of 16184?
2, 7, 17
What are the prime factors of 10225?
5, 409
What are the prime factors of 44?
2, 11
What are the prime factors of 406?
2, 7, 29
What are the prime factors of 4883?
19, 257
List the prime factors of 1714.
2, 857
List the prime factors of 3192.
2, 3, 7, 19
What are the prime factors of 41617?
41617
What are the prime factors of 1581?
3, 17, 31
What are the prime factors of 38189?
38189
List the prime factors of 34913.
34913
List the prime factors of 1980.
2, 3, 5, 11
List the prime factors of 8280.
2, 3, 5, 23
List the prime factors of 1883.
7, 269
List the prime factors of 49105.
5, 7, 23, 61
List the prime factors of 1210.
2, 5, 11
List the prime factors of 12650.
2, 5, 11, 23
What are the prime factors of 786?
2, 3, 131
What are the prime factors of 56568?
2, 3, 2357
What are the prime factors of 155630?
2, 5, 79, 197
What are the prime factors of 1172?
2, 293
List the prime factors of 16062.
2, 3, 2677
What are the prime factors of 1705?
5, 11, 31
List the prime factors of 256.
2
What are the prime factors of 57330?
2, 3, 5, 7, 13
List the prime factors of 510.
2, 3, 5, 17
List the prime factors of 144519.
3, 67, 719
What are the prime factors of 1718?
2, 859
List the prime factors of 38617.
23, 73
List the prime factors of 773.
773
What are the prime factors of 35313?
3, 79, 149
What are the prime factors of 7184?
2, 449
List the prime factors of 10280.
2, 5, 257
What are the prime factors of 526?
2, 263
List the prime factors of 51542.
2, 25771
List the prime factors of 39585.
3, 5, 7, 13, 29
List the prime factors of 7909.
11, 719
What are the prime factors of 69638?
2, 34819
What are the prime factors of 24499?
24499
List the prime factors of 25975.
5, 1039
List the prime factors of 1695.
3, 5, 113
List the prime factors of 825.
3, 5, 11
What are the prime factors of 1181?
1181
List the prime factors of 11602.
2, 5801
List the prime factors of 88785.
3, 5, 1973
List the prime factors of 2283.
3, 761
What are the prime factors of 27650?
2, 5, 7, 79
List the prime factors of 3812.
2, 953
What are the prime factors of 1426?
2, 23, 31
List the prime factors of 918.
2, 3, 17
List the prime factors of 4025.
5, 7, 23
List the prime factors of 1948.
2, 487
What are the prime factors of 2176?
2, 17
What are the prime factors of 1075?
5, 43
List the prime factors of 7.
7
List the prime factors of 1431.
3, 53
What are the prime factors of 7821?
3, 11, 79
What are the prime factors of 88787?
19, 4673
What are the prime factors of 4623?
3, 23, 67
List the prime factors of 738.
2, 3, 41
What are the prime factors of 1255?
5, 251
List the prime factors of 61612.
2, 73, 211
What are the prime factors of 7037?
31, 227
List the prime factors of 162606.
2, 3, 41, 661
List the prime factors of 20745.
3, 5, 461
What are the prime factors of 11355?
3, 5, 757
List the prime factors of 704.
2, 11
List the prime factors of 20185.
5, 11, 367
List the prime factors of 42054.
2, 3, 43, 163
What are the prime factors of 47117?
7, 53, 127
What are the prime factors of 7294?
2, 7, 521
What 